 + -13 - 37) + (8 - (1 + -3)).
-54
What is 4 + 2 + -22 + -21 + 8 + -12 + -8?
-49
Calculate 46 - (39 - (35 + -35)).
7
What is the value of (7 - -38) + (-3 + -5 - 27 - -12)?
22
What is -15 - 2 - (-7 - (13 - 1))?
2
Calculate (188 - 74) + -48 - 36.
30
What is 4 + -3 + -18 + (1363 - 1306)?
40
Evaluate 97 - 242 - ((15 - 18) + (-16 - -1)).
-127
What is the value of 2 - (75 + -1) - 4 - (27 - -15 - 39)?
-79
Evaluate (-77 - (85 - 184)) + 13 + 0.
35
What is the value of -12 - (-3 + 5 + -2 + (54 - 56))?
-10
Calculate (-29 - (-88 + 38)) + -31.
-10
(6 - 3) + -21 + (29 - 15) + -118
-122
What is 31 + (-21 - -23 - 81 - -30)?
-18
Calculate (240 - (582 - 332)) + (3 - 2) + -1 + 2.
-8
What is (19 + -24 - -36 - -39) + (31 - 7)?
94
What is 48 + (-7 - -15 - 21) - 20?
15
Evaluate 3 - (-7 + 2) - (-51 + 4 + 14 + 8).
33
Evaluate (-2 - -15) + (7 + -20 + (3 - -18) - 22).
-1
Calculate 43 + -1 + (161 - 205 - (-26 + -4)).
28
55 + (-3 - -63) + -58
57
Calculate (38 - 28) + -24 + 52 - 29.
9
Calculate -51 + 1 + (5145 - 5135).
-40
1 + 13 - (-23 - -26) - (1 + 1) - 2
7
What is the value of (52 + -8 - 36) + -18 + (2 - -78) + 1?
71
Calculate -6 - -5 - ((20 - (-5 + 22)) + (-2 - -57)).
-59
Calculate 11 + 42 - (16 + 1).
36
-1 + -31 + (-876 - -886)
-22
What is the value of 0 + 11 - (-178 + 164) - 54?
-29
Calculate -19 + 17 - (-36 + 34 + 16 + -1).
-15
Evaluate (14 + 0 + -1 - 1) + (39 + 6 - -9).
66
Evaluate 30 + (42 + -34 - (16 + (4 - 5)) - 3).
20
What is -49 + -11 - (-169 - -102)?
7
(-30 - -5 - -63) + 1
39
Evaluate (29 - -6 - 43) + 8 + 3 + 1 + -2.
2
Evaluate (-160 - (38 - 196)) + -2 + (-2 - -1) - -153.
148
What is the value of (-3 - 42 - -51) + 22 + 118?
146
Evaluate 12 - (-100 - (-90 - 87)).
-65
What is the value of 7 - 3 - (410 + -415)?
9
Evaluate (-16 - (-9 + 5 - (-2 + 13 + -9))) + 68.
58
What is the value of (-132 - -153) + -172 + 50?
-101
What is the value of -23 + -1 - (128 + -138 + 27)?
-41
Calculate (-47 - -33) + 27 + -32.
-19
What is the value of -31 + 21 + 35 - 30?
-5
What is the value of (-1 - -59) + (-480 - -427)?
5
What is the value of (-14 - (-48 - -10)) + -15 - (98 + 2) - -12?
-79
Evaluate 104 + (-299 - -188) + -1 + 1 + 1.
-6
Evaluate -22 - (-14 + -7 - -5) - 33.
-39
What is the value of (-190 + 194 - (0 + 7)) + (-10 + 5 - -25)?
17
77 + 44 + (-48 - 28)
45
What is the value of -7 + (3 - 0 - -13 - (4 - -29))?
-24
What is the value of -7 - (18 + -19 - (13 + -3)) - 14 - -6?
-4
What is (6 - -13) + -44 - (-59 + -84)?
118
(-71 - -24) + 38 - (3 + -4 - 0 - -17)
-25
(-95 - -189 - -27) + -215
-94
Calculate (-32 - 63 - -24) + 48.
-23
(2 - -17) + -82 + -27 + 85
-5
Calculate (351 - 369) + (2 - (-5 - 3)) - (-46 + 1).
37
Calculate 17 + (-97 - 8) + 17 - 19.
-90
Calculate 0 + (-5 - -2) + 21 + (896 - 981).
-67
What is -2 - (22 - -11) - -46?
11
What is the value of 16 + -1 - ((107 + 12 - 38) + -12)?
-54
What is the value of (7 + -2 + -4 - -8) + -226 + 118?
-99
What is the value of 2 - (-21 + 82 + -5 - (6 - 0 - 4))?
-52
What is (1 - 31 - (-1422 - -1346)) + (1 - 25)?
22
What is 0 + 2 + -3 + -298 + -6 + 197?
-108
What is 5298 + -5305 + -2 + (-1 - -2 - -1) + -1?
-8
(-1 - -1 - -12) + (57 + 28 - 27)
70
Evaluate 57 + 1 + (-51 - (48 - (19 + 59))).
37
Calculate 10 - (2 + (-43 - (1 + 1 - (162 - 174)))).
65
Evaluate 62 - (33 + -18) - 40.
7
What is -2 - (6 + -24 + 16 + 6)?
-6
Calculate 66 + (-23 + 63 - 82).
24
-35 + 47 + (-1 - 1) + -9 + (5 - -8)
14
Calculate 17 + 8 + (21 - (2 + 10)).
34
0 + -168 + -30479 + 30580
-67
Evaluate -736 + 714 + (74 - (3 - 5)).
54
What is 10 - -1 - (-174 - (-87 + -163))?
-65
What is the value of -80 + 28 + 137 - 41?
44
Evaluate (-2 - (-2 + 1)) + (-19 - -8) - 28.
-40
Calculate 191 + -91 + 30 - 67.
63
Calculate -23 + -8 + (-11 - (2 - 4 - 4)).
-36
What is -11 + (-27 - (-6 - (-6 + -5))) - -9?
-34
What is the value of 25 - 15 - (-6 + (10 - (-55 + 6)))?
-43
Evaluate 13 - 28 - (-4 - (-12 + 21) - -5).
-7
(7 - (-23 + -7 + -7 + 5)) + -8
31
(5 - 1) + (-6 - (-13 + (11 - (-4 - -7))))
3
(1 - -1) + -5 + -293 + 263 + 50
17
Evaluate (-33 - -20) + (-2 - -3) - (33 + 7).
-52
What is the value of 0 + (-15 - -17) + -4 + -2 + 0 + 124?
120
-17 - ((36 - -2 - 25 - (21 - 0)) + 4)
-13
Evaluate -3 + -119 + (4 - (-114 + 81)).
-85
-75 - (53 - (103 - 61) - (1 + 20))
-65
What is -448 + 445 + (20 - 2) - -4?
19
Evaluate (14 - (30 + -10)) + -6 + -3 + 170.
155
What is the value of (-7 - (-146 - -87)) + -7?
45
What is 55 + (-123 - (-26 - 15))?
-27
11 - (1 + 110) - (5 - (1 - -10))
-94
What is the value of -14 - -4 - ((-28 - -24) + (15 - 2)) - 2?
-21
Calculate -3 + 0 - (-30 - -98 - 84).
13
5 - 24 - (-22 + -3)
6
What is -23 + (2 - 5) + (-5 - -1) + (-11 - -7)?
-34
(-64 - -45) + (77 - -5)
63
What is 42 + (-121 - -91) + -107?
-95
What is the value of (5 + -11 - 2 - (-1 - (8 - 1))) + -23?
-23
What is 29 + -1 + (-8 + 8 - -10) + -5?
33
Evaluate 33 + -1 + 38 + (-2 - (-15 - 5)).
88
What is the value of 32 + 4 + -17 + 13 + -19?
13
What is -1 - (39 + (1 - 5) - (10 - 2) - -2)?
-30
What is -4 + (-22 - (-6 + 1 + -1))?
-20
What is the value of -4 + 92 + (18 + -4 - (21 + (14 - 21)))?
88
-10 + 7 + (-12 - (-4 + 15 + -11))
-15
What is the value of (-15 - 1) + (-139 + (22 - -6) - -61)?
-66
What is 37 - (4 - (23 + (-18 - -8))) - -4?
50
8 - ((13 - 11 - 6) + 0) - (-17 + 4)
25
What is 4517 - 4460 - (7 + 2 + 0)?
48
(129 - 91 - 210) + 77
-95
What is the value of -6 + (0 - (-8 + 13 + (2 - 0)) - 62)?
-75
Evaluate 0 + (0 + (-7 - 1) - (-1795 + 1775)).
12
Evaluate -1 + (1 - -31 - (6 + 2)) + -8.
15
(-26 - -13) + 11 + 37 + -21
14
20 + (48 - 65) - 54
-51
Calculate 10 + 64 - (-20 + 109).
-15
What is -64 + 75 - (-1 + 12)?
0
What is the value of -187 - -183 - (-2 - (-3 + (-7 - -4)))?
-8
25 + 8 + -10 - (3 + 7) - 14
-1
What is -3 - 22 - (-63 + -43 + 110)?
-29
What is 33 - 6 - ((-32 - -36) + 130)?
-107
What is 28 + -24 + 1 + -17 - (-1 - -59)?
-70
64 - (126 + 5 + -43)
-24
-3137 + 3170 + (-1 - -5) + 3
40
What is (45 - 42) + (-5 - -15) + (-44 - (-3 - -6))?
-34
Evaluate 36 + -82 + -19 + 188 + -4.
119
What is 11 + (129 + -127 - (-2 - 6 - -5))?
16
What is 13 + 25 + (26 - -23) + -20 - (-1 + 9)?
59
Calculate -25 + 1 + 140 + -295 + 253.
74
Calculate -123 + (-14 - ((-7 - -18 - 28) + 13 + -13)).
-120
What is 13 - -3 - 46 - 12 - -47?
5
Calculate -26 - (14 + -104 + 54).
10
-23 + -1 + (-293 - -301 - (3 + 9 + 1))
-29
Calculate 16 - (4 + (13 - 13)) - -18 - 13.
17
What is the value of (-59 - -109) + -19 + 6 + 0 + 0 + -13?
24
Evaluate -64 + 7 + 5 + -31 + 21.
-62
What is the value of (40 + 44 - 126) + -50 + -4?
-96
Calculate -16 + -14 + (-4 - 7 - -18).
-23
What is 6 + -7 + (56 - 63 - (-114 - -1)) - -14?
119
Evaluate -29 - (12 + -72 - -32) - (0 - 31).
30
(19 - (-79 - -15)) + -60
23
What is -44 - (12 + 11 + -39)?
-28
What is the value of -4 + 14 + -10 + (-5 - 10) + -12?
-27
62 - (-28 + 88) - -33
35
Evaluate 72 - (101 + -64 + 3).
32
(-483 - -437) + (0 - 1)
-47
What is the value of 0 - -45 - (100 + -227 + 103)?
69
What is the value of -715 - -801 - (2 + 91)?
-7
What is 527 + -525 - ((-3 - (0 - 2)) + 0 + 16)?
-13
(-4285 - -4207) + (2 - -24)
-52
Calculate ((0 - -2) + 32 - (292 + -300)) + -16.
26
Calculate (85 + -57 - (2 + -5 - -12)) + -122.
-103
What is (-21 - -82) + (-57 - -19)?
23
Calculate 10 + (91 - 80) + 1 + -1 + 52.
73
Evaluate (-51 - -13) + 5 + -9.
-42
What is the value of 3 + ((23 - 39) + 15 - 18) + 81?
65
What is the value of -1 + -4 + 7 + (14 - 10 - 9) + -15?
-18
-140 + (249 - 67) + -142
-100
What is the value of 4 + 8 + (-7 - 44) + (4 - (4 + -3))?
-36
What is the value of (5 - 17) + 13 + (-8 - -2) - (-26 + 71)?
-50
42 + (26 - (2 - 23 - -42)) + -4
43
What is -27 - (-63 + 107) - (-13 + -3)?
-55
-3 - -3 - -9 - (-6 + -2 - 24 - -24)
17
What is (45 - (14 + -1 + 9)) + 13?
36
Evaluate -37 + 0 - (13123 + -13062).
-98
What is the value of (3 + (2 - -1) - (0 - 0)) + (3904 - 3824)?
86
What is (31 + 61 + -17 - -5) + 1 + -2 + -7?
72
What is the value of (14 - 25) + -20 - -19?
-12
Evaluate -132 - (-17 - 0) - (-11 + -3 + 0).
-101
What is -124 + 81 + 60 + 0 + 32?
49
36 - (27 - (32 - (-9 - -21)))
29
(-48 - (7 - 14 - -10)) + -17 + 9
-59
Evaluate (-587 - -564) + 5 + (0 - -83).
65
56 + -78 + 2 + 89
69
What is (31 - (17 - 2)) + (-40 - (9 + -1))?
-32
Calculate 31 + -8 + (2 + 29 - 44).
10
Calculate (106 - -6) + -41 + -36.
35
What is the value of (17 - 6 - (-2 - -15 - (57 - -78))) + -14?
119
W